*2 + 13*y + 40. Give p(5).
-45
Let v(y) = 13*y**3 + 144*y**2 + 15*y + 47. Give v(-11).
3
Let y(z) = z**3 - 8*z**2 - 5*z + 78. What is y(7)?
-6
Let f(o) = o**3 + 33*o**2 + 67*o - 39. Determine f(-30).
651
Let d(a) = -a**3 - 54*a**2 - 99*a + 310. Determine d(-52).
50
Let l(r) = r**2 - 2*r - 6. Determine l(6).
18
Let b(z) = -11*z - 66. What is b(-6)?
0
Let z(n) = n**3 - 9*n**2 + 8*n - 22. Determine z(8).
-22
Let m(r) = -137*r**3 - r**2 - 14*r + 14. Calculate m(1).
-138
Let x(t) = -3*t**3 + 8*t**2 + 2*t + 22. Give x(4).
-34
Let z(k) = -3*k**2 - 490*k - 7966. Calculate z(-145).
9
Let w(x) = -7*x**2 + 12*x - 12. What is w(2)?
-16
Let o(i) = 1666*i - 11669. Determine o(7).
-7
Let m(a) = a**3 + a**2 + 22*a + 85. Give m(-3).
1
Let t(n) = 13*n + 668. Calculate t(-50).
18
Let h(i) = -i**3 - 35*i**2 - 104*i - 14. What is h(-3)?
10
Let j(f) = 2*f**2 - 7*f + 61. Determine j(7).
110
Let l(i) = 2*i**3 - 118*i**2 + 378*i - 15188. Calculate l(58).
8
Let u(j) = -j**3 - 3*j**2 - 3*j - 141. Give u(-6).
-15
Let c(z) = 74*z - 1705. Give c(23).
-3
Let l(s) = 2*s**2 + 111*s - 160. Calculate l(-57).
11
Let o(r) = -3986*r - 3988. Determine o(-1).
-2
Let d(m) = 9*m**2 + 7*m - 17. Calculate d(2).
33
Let j(r) = -r**3 + 10*r**2 - 19*r - 16. Determine j(5).
14
Let m(h) = -13*h + 79. Calculate m(-5).
144
Let d(h) = -h**3 + 10*h**2 + 200*h - 1730. Determine d(8).
-2
Let o(g) = -12*g**3 - 6*g**2 + 13*g - 15. Calculate o(3).
-354
Let g(r) = 8*r**2 + 28*r - 29. What is g(-8)?
259
Let s(b) = 18*b**2 + 310*b - 617. What is s(-19)?
-9
Let s(n) = n**3 - 12*n**2 + 17*n - 10. Calculate s(7).
-136
Let z(g) = -2*g**3 - 178*g**2 - 163*g + 1217. What is z(-88)?
73
Let d(i) = 11*i - 36. Determine d(18).
162
Let j(d) = -d**2 + 29*d - 189. Give j(14).
21
Let s(v) = v**3 - 3*v**2 - 10*v + 20. Give s(-5).
-130
Let j(n) = 4*n**2 + 49*n - 259. Give j(5).
86
Let j(x) = 30*x - 3617. Calculate j(118).
-77
Let x(g) = 743*g - 19366. Give x(26).
-48
Let a(p) = 269*p + 1343. Calculate a(-5).
-2
Let u(b) = b**2 - 151*b + 463. Determine u(3).
19
Let q(z) = -z**3 - 7*z**2 - 3*z + 30. Give q(-4).
-6
Let s(b) = -b**2 + 6*b + 5. Give s(20).
-275
Let h(k) = -k**3 - k**2 + 9*k + 47. What is h(-3)?
38
Let y(f) = -43*f - 2693. Give y(-62).
-27
Let q(f) = -f**2 - 40*f - 63. What is q(-38)?
13
Let i(x) = 2*x**2 + 131*x + 1596. Calculate i(-16).
12
Let b(a) = a**2 + 131*a + 3649. What is b(-93)?
115
Let h(x) = x**3 + 5*x**2 + 60*x - 182. Calculate h(3).
70
Let f(p) = 2*p**3 + 43*p**2 - 544*p - 1023. Give f(-30).
-3
Let c(l) = l**2 - 103*l + 2660. Calculate c(39).
164
Let s(l) = l**3 - 19*l - 35. Give s(-5).
-65
Let n(j) = -j**3 - 6*j**2 - 58*j - 128. Give n(-5).
137
Let o(p) = p**3 + 28*p**2 + 54*p + 80. Give o(-26).
28
Let s(y) = -8*y + 337. Calculate s(42).
1
Let z(d) = -d**3 + 2*d**2 + 8*d + 17. Determine z(-3).
38
Let i(t) = t**3 - 4*t**2 + 8*t - 5. Calculate i(2).
3
Let g(t) = -6*t**2 - 63*t + 16. Give g(-17).
-647
Let i(t) = 9521*t + 123768. What is i(-13)?
-5
Let g(f) = -f**3 + 284*f**2 - 4293*f + 85. What is g(16)?
5
Let a(k) = -k**2 + 19*k - 85. What is a(10)?
5
Let y(m) = -15*m**2 - 23*m + 60. Calculate y(3).
-144
Let a(v) = -76*v + 539. What is a(7)?
7
Let o(k) = -k**3 + 10*k**2 - 24*k + 184. Determine o(9).
49
Let c(u) = u**2 - 96*u - 187. Determine c(-2).
9
Let u(p) = -p**3 + 31*p**2 + 220*p + 66. Determine u(37).
-8
Let j(s) = -21*s**3 + 6*s**2 + 4. Determine j(3).
-509
Let o(c) = c**3 + 22*c**2 - 124*c - 2315. Calculate o(-23).
8
Let i(z) = z**2 + 87*z + 1159. What is i(-51)?
-677
Let s(k) = k**2 + 136*k + 525. Determine s(-4).
-3
Let x(m) = -12*m**2 - 16*m + 67. Determine x(7).
-633
Let b(q) = 69*q - 8219. Calculate b(119).
-8
Let k(s) = -169*s - 1900. Calculate k(-11).
-41
Let q(v) = -20*v + 287. What is q(39)?
-493
Let l(x) = -5*x**2 - 10*x + 13. Give l(2).
-27
Let g(d) = -62*d**2 + 128*d + 10. Calculate g(2).
18
Let b(o) = -474*o + 16121. Calculate b(34).
5
Let h(a) = 6*a**3 + 42*a - 42. What is h(1)?
6
Let p(w) = -w**3 + 5*w**2 + 144*w - 42. Determine p(-10).
18
Let s(r) = 513*r - 504. Determine s(1).
9
Let t(z) = 4*z - 134. Give t(5).
-114
Let n(x) = 31*x - 2661. Give n(86).
5
Let s(q) = q**3 + 8*q**2 - 20*q + 8. Determine s(-9).
107
Let m(s) = -237*s + 14465. Give m(61).
8
Let o(b) = 2*b**3 - 20*b**2 + 26*b - 190. Give o(10).
70
Let u(y) = -y**3 - 10*y**2 + 29*y + 33. Calculate u(-12).
-27
Let n(h) = -h**2 + 36*h - 72. Calculate n(16).
248
Let p(o) = 2*o**3 + 18*o**2 + 18*o + 18. Calculate p(-8).
2
Let h(c) = 17*c**3 - 3656*c**2 + 199*c + 3440. Give h(215).
0
Let l(j) = 7*j**2 - 45*j + 54. Determine l(13).
652
Let l(b) = -2*b**2 + 54*b + 243. Calculate l(-4).
-5
Let w(h) = 484*h - 9226. What is w(19)?
-30
Let g(c) = 19*c**2 - 11*c + 6. Give g(1).
14
Let l(b) = -8*b**2 - 109*b + 42. Give l(-14).
0
Let c(v) = -270*v - 5926. What is c(-22)?
14
Let k(o) = -8*o**2 - 123*o + 13436. Determine k(34).
6
Let a(y) = 3*y**3 - 437*y**2 - 154*y + 1156. Give a(146).
-12
Let z(s) = -10455*s - 167280. What is z(-16)?
0
Let i(d) = 36*d + 531. What is i(-15)?
-9
Let i(x) = -x**2 + 13*x - 33. Determine i(20).
-173
Let o(t) = -2*t**3 - 76*t**2 + 162*t - 212. What is o(-40)?
-292
Let m(u) = -u**3 + 20*u**2 - 29*u - 15. Calculate m(19).
-205
Let i(f) = -6*f**2 - 46*f - 38. Determine i(-1).
2
Let n(h) = -2*h**2 + 1. Calculate n(1).
-1
Let p(v) = -5*v**2 + 185*v + 779. What is p(-4)?
-41
Let z(y) = 77*y - 283. Determine z(4).
25
Let j(y) = y**3 - 32*y**2 - 33*y + 33. Give j(33).
33
Let d(r) = 4*r**2 + 19*r + 5. What is d(-4)?
-7
Let p(o) = 367*o**3 + 5*o**2 + 9*o + 3. Determine p(-1).
-368
Let k(j) = -18*j - 1472. Give k(-84).
40
Let d(g) = g**3 - 18*g**2 + 92*g - 122. Calculate d(6).
-2
Let o(x) = x - 50. Calculate o(0).
-50
Let x(b) = b**3 - 59*b**2 - 1109*b - 56. Calculate x(74).
18
Let x(d) = -3*d**2 - 103*d + 126. What is x(-37)?
-170
Let s(n) = -19*n + 1551. What is s(82)?
-7
Let h(x) = 51*x**2 - 27*x + 112. Calculate h(4).
820
Let b(o) = 235*o + 8715. What is b(-37)?
20
Let v(n) = -3*n - 228. What is v(-38)?
-114
Let p(l) = 2*l**3 - l**2 + 3*l + 25. Give p(3).
79
Let j(n) = n**2 - 40*n + 148. Calculate j(12).
-188
Let x(c) = -14*c + 286. Determine x(8).
174
Let j(p) = -115*p + 2163. Calculate j(19).
-22
Let f(x) = x**3 + 6*x**2 - 16*x + 79. Calculate f(5).
274
Let f(h) = -7*h**2 + 137*h - 31. Determine f(20).
-91
Let q(z) = 28*z**2 + 115*z + 3. Give q(-4).
-9
Let m(f) = 15*f**2 - 7*f - 30. Give m(-5).
380
Let i(l) = -l**3 - 38*l**2 + 132*l + 4979. What is i(-38)?
-37
Let h(z) = 15*z + 228. What is h(-24)?
-132
Let d(q) = q**3 + 64*q**2 + 174*q + 11148. Determine d(-64).
12
Let k(o) = o**2 + 9*o - 281. Give k(19).
251
Let k(z) = 457*z - 926. What is k(2)?
-12
Let a(u) = 6*u**2 + 7*u - 4. Calculate a(0).
-4
Let m(l) = l**3 + 34*l + 71. Give m(0).
71
Let a(v) = v**3 - 5*v**2 - 66*v - 5. Calculate a(11).
-5
Let q(l) = -l**3 + 31*l**2 - 180*l - 93. Give q(23).
-1
Let t(z) = -z**2 - 14*z - 20. Determine t(-13).
-7
Let u(l) = 2*l**2 - l - 159. Give u(14).
219
Let r(j) = -5*j**2 - 88*j - 228. Determine r(-3).
-9
Let l(q) = 2*q**3 + 37*q**2 + 106*q - 2. What is l(-15)?
-17
Let i(y) = -66*y - 590. Give i(-9).
4
Let u(h) = h**2 + 4071*h + 16269. Calculate u(-4).
1
Let l(w) = -10*w - 925. Calculate l(-36).
-565
Let v(y) = -5*y**2 + 556*y - 3735. What is v(104)?
9
Let o(u) = -2*u**2 - 19*u + 31. Give o(-9).
40
Let c(v) = -7*v**2 - 162*v - 255. What is c(-21)?
60
Let q(x) = x**3 + 13*x**2 + 43*x + 17. Calculate q(-8).
-7
Let z(a) = -2*a**2 - 5*a + 50. What is z(7)?
-83
Let s(o) = 8*o**3 - 1361*o**2 + 179*o - 1536. Determine s(170).
-6
Let t(k) = 22*k**2 + 670*k + 253. What is t(-30)?
-47
Let g(t) = 3*t**2 + 12*t + 17. Give g(-9).
152
Let g(f) = -3*f**2 - 127*f - 1190. Determine g(-11).
-156
Let y(f) = 7*f**2 + 7*f. What is y(-2)?
14
Let r(h) = 3*h - 198. What is r(5)?
-183
Let l(h) = -182*h**2 + 138*h - 139. What is l(1)?
-183
Let v(w) = -w**3 + 10*w**2 + 3*w + 100. What is v(11)?
12
Let d(j) = -j**3 + 11*j**2 - 7*j - 1. What is d(9)?
98
Let r(c) = c**3 - 337*c**2 - c - 2. What is r(0)?
-2
Let z(n) = 16*n + 542. What is z(-34)?
-2
Let z(y) = y**3 + 8*y**2 - 65*y + 2. Give z(5).
2
Let z(r) = -r**3 - 11*r**2 - 108*r - 758. Determine z(-8).
-86
Let u(n) = 139*n - 1939. Give u(14).
7
Let f(c) = 416*c + 420. Calculate f(-1).
